 Let z(t) = -t - 1. Let j(y) = -c(y) + 4*z(y). What is the tens digit of j(-24)?
3
Let o(u) = 11*u**3 - 59*u + 23. What is the hundreds digit of o(5)?
1
Let c = 87 - 87. Let w be 50/(-15)*((-12)/10 - c). Suppose -w*d - 140 = -9*d. What is the units digit of d?
8
Let d(h) be the first derivative of -3*h**2 + 21*h + 12. Let m be d(-9). Suppose 4*v - 281 = m. What is the tens digit of v?
8
Let r = 6117 + 429. What is the thousands digit of r?
6
Suppose 6*i - 65 = 79. What is the units digit of 19 - 12*6/i?
6
Let j = -1302 + 2766. Let z(i) = i**3 + 4*i**2 - 4*i - 4. Let h be z(-4). Suppose j = h*v - 4*v. What is the hundreds digit of v?
1
Suppose 0 = 4*i - 3*i + v - 107, 122 = i - 2*v. Let w = 203 - i. Suppose -92*f = -w*f - 50. What is the units digit of f?
0
Suppose 46327 = 2*w + s, 5*s + 46297 = -3561*w + 3563*w. What is the units digit of w?
1
Let o be ((1 - -2) + -1)/((-4)/(-518)). Let s be 2 - (-4 - (4 + o)). Let a = s - 175. What is the units digit of a?
4
Let g be 1/(-4) - (-63)/28*-1039. Let l = g + 3562. Suppose -10*n + 696 = -l. What is the units digit of n?
2
Let i = 186 - 181. Suppose 4*r - a = r + 621, 0 = i*r - 4*a - 1042. What is the tens digit of r?
0
Suppose -130*m + 961189 = -867261. What is the hundreds digit of m?
0
Let i(j) = 945*j**2 + 15*j + 3. What is the hundreds digit of i(3)?
5
What is the thousands digit of 24/(-72) + 11982/9?
1
Let q = 10125 + 6578. Suppose 0 = -37*i + 1242 + q. What is the hundreds digit of i?
4
Suppose 24 = 6*k - 3*k. Let o(v) be the second derivative of v**5/20 - 7*v**4/12 + 2*v**3/3 - 7*v**2/2 + v - 85. What is the units digit of o(k)?
9
Let i(p) = 647*p + 486. What is the hundreds digit of i(13)?
8
Let r = 7999 + 11389. What is the ten thousands digit of r?
1
Suppose -256*t + 260*t + 28 = 0, 5*b = -t + 4418. What is the tens digit of b?
8
Let h(c) = 95*c**2 + 67*c - 527. What is the hundreds digit of h(7)?
5
Let f be (-2)/4 + 1020/24. What is the tens digit of -4*1*(-1869)/f?
7
Suppose 0 = 7*p - 3*p - 12, p = 2*o - 21. Suppose 3*f - 6 - o = 0. Suppose 0 = 5*r - f*r + 95. What is the tens digit of r?
9
Let x = 115 + -113. Suppose -x*g - 2*g - r = -21, 3*r - 31 = -4*g. Suppose 380 = -0*k + g*k. What is the tens digit of k?
9
Let r be (-5 - -8) + 1 + -35. Let v = 34 + r. What is the hundreds digit of (37/v)/((-1)/(-12))?
1
Suppose 228*r + 110790 = 5*n + 227*r, 0 = 4*n + 5*r - 88603. What is the hundreds digit of n?
1
Suppose -4*h + 3513 = s - 5293, -5*h - 2*s + 11006 = 0. What is the tens digit of h?
0
Let s = 416 + -413. What is the units digit of (s - (575 + 1) - 4)*-1?
7
Let f be (-30)/20 - 213/(-2). Let x be f/(-10)*12/(-7). Let q = -7 + x. What is the tens digit of q?
1
Let g be (((-20)/8)/(-5))/(1/768). Suppose -g = 104*l - 106*l. What is the hundreds digit of l?
1
Let x(f) = 4*f - 13. Let o be x(9). Suppose o = -4*d - d - 3*t, 3*d = -t - 13. Let s(a) = a**3 + 4*a**2 - 3*a - 6. What is the units digit of s(d)?
6
Let s(a) be the third derivative of a**4/12 + 12*a**3 + a**2 + a. What is the hundreds digit of s(19)?
1
Suppose 33 = v - 23. Let b = -62 + v. What is the units digit of (-60)/(-40)*(-8)/b?
2
Let q(f) = f**3 - 5*f**2 + 5*f - 12. Suppose 0 = -2*g - 3 + 15. Let t = -1 + g. What is the tens digit of q(t)?
1
Suppose -58*y + 3939 = 1914 - 3137. Suppose 0*d = -4*q - 3*d + 115, 0 = -q - 4*d + 32. What is the tens digit of (y*-1 - 2)*(-24)/q?
7
Let u be (17 - (0 - -1)) + 4. Suppose u*p - p = 7885. What is the units digit of p?
5
What is the hundreds digit of 1625 + 81/(-9) + 5?
6
Let d(a) = 4*a**3 - 2*a**2 - 5*a + 5. Let h = -34 + 39. Suppose -s + 14 = -2*f, 0 = -h*s - 0*f + 3*f + 35. What is the tens digit of d(s)?
0
Let r = -101 + 119. Suppose -3*j = 2*o - 326, -5*o + r = 3*j - 293. What is the hundreds digit of j?
1
Suppose -32*n - 17 + 145 = 0. Suppose 4*v + 82 = l + v, n*v + 226 = 3*l. What is the tens digit of l?
7
Let y = 1638 + 582. What is the thousands digit of y?
2
Suppose 14*j + 2908 + 1908 = 0. Suppose s + 609 + 130 = -4*o, 0 = s - 1. Let b = o - j. What is the hundreds digit of b?
1
Suppose -3*q = -7 - 2. Suppose v - 2*v - q*g - 16 = 0, 3*v = -2*g - 20. Let s = v + 21. What is the tens digit of s?
1
Suppose -6*g + 37311 = 3*p, 12*g - 13*g = 2*p - 6229. What is the tens digit of g?
1
Let n(q) = 31*q**3 - 3*q**2 + q + 1. Let b be (-5)/(-10) - (2/(-4))/1. What is the tens digit of n(b)?
3
Let a be ((-15)/(-2))/((-3)/(-8)). Suppose -a = 2*m + 5*y, 3*y = 2*m - 1 + 5. Let i(x) = -x**3 - 5*x**2 - 6*x - 7. What is the units digit of i(m)?
3
Suppose -5*x + 49038 = 4*c, 28*x = 3*c + 33*x - 36781. What is the tens digit of c?
5
Suppose 5*h - 2*g - 4554 = 0, 3*h + 4*g - 3660 = -h. Suppose 4*a = -0*d + 2*d + 916, 4*a - h = d. What is the units digit of a?
7
Suppose -3*x = -5*n - 63848, 2*x - 7166 = 3*n + 35402. What is the units digit of x?
6
Let o(s) = -2*s**3 - 12*s**2 + 13*s - 3. Let y be o(-7). Suppose -y*x + 5*x - m = 814, -3*x + 2445 = -4*m. What is the units digit of x?
1
Let p(n) = -4*n + 63. Let x be p(15). What is the tens digit of (-2 + x)/(-3)*-6 + 90?
9
Suppose -21 = -2*k + 4*b + 1, 0 = -2*k - b + 7. Suppose 616 = 3*w - v, -4*w + 5*v = -k*w + 200. What is the tens digit of w?
0
Let h = 4451 - -9438. Suppose -18*m + m = -h. What is the tens digit of m?
1
Let b(n) = 7*n**2 - 45*n + 798. What is the tens digit of b(20)?
9
What is the ten thousands digit of (-10 - -8)/(788795/591612 - 36/27)?
5
Suppose 230 - 205 = 5*d. Suppose d*f + 354 + 649 = 2*k, k + 2*f - 497 = 0. What is the units digit of k?
9
Let m be (14/(-63) - (-68)/(-18)) + -167. What is the units digit of 242*((-15)/9 - m/54)?
3
Let i = -79 - -92. Suppose 4*z = -15 - i. What is the units digit of (z - (-1 + 3))*27*-1?
3
Suppose 2*u + d - 912 = 0, 2*d - 203 - 250 = -u. Suppose -2811 - u = -2*h. What is the units digit of h?
4
Let y = 9 - 5. Suppose 2 = -2*k - 0, -u - y*k + 2 = 0. Suppose -704 = -u*i - 2*i. What is the units digit of i?
8
Let k(w) = -w**2 - 29*w + 64. Let t be k(-31). Suppose -t*m - 82 = -5*g, -g - 4*g + 5*m + 70 = 0. What is the units digit of g?
8
Let j(m) = -m**3 + 74*m**2 - 89*m + 759. What is the ten thousands digit of j(69)?
1
Let g(q) = -409*q**3 - 9*q**2 - 35*q - 20. What is the thousands digit of g(-4)?
6
Suppose -20*a = -16*a. Suppose a = 2*k + 2*t + 292, 5*k - t + 739 = 3*t. Let u = -17 - k. What is the units digit of u?
0
Let i(b) = -29*b - 33. Let v = -234 + 229. What is the tens digit of i(v)?
1
Suppose 4*d + 8 = j - 23, 3*d = -3*j + 123. Suppose 6813 = -j*w + 48*w. What is the hundreds digit of w?
7
Let p = -37081 + 37201. What is the hundreds digit of p?
1
Let c = 355 + -97. What is the units digit of c?
8
Let a(l) = 201*l**2 - 552*l - 3336. What is the units digit of a(-6)?
2
Suppose -3*c - 4*l + 549 = 2*c, -2*l - 8 = 0. Suppose c*u + 2334 = 119*u. What is the units digit of u?
9
Let v = 9 + 1. Suppose 0 = -m, -3*o - 2*o = 3*m - v. Suppose -2*g - 5*b + 37 = 0, -4*g + 16 = -2*g - o*b. What is the units digit of g?
1
Let m = -5 - -12. Suppose -m*c = -c + 1434. Let g = -122 - c. What is the units digit of g?
7
Suppose 13*x - 28*x = -30. What is the units digit of (-10137)/(-31)*(-1 + x)?
7
Suppose -7*m + 9*m = 1000. Suppose 20*o - 15*o = m. What is the hundreds digit of o?
1
Let h = -13724 - -28468. What is the tens digit of h?
4
Let g(m) be the second derivative of m**4/6 + 3*m**3/2 + 13*m**2/2 - 22*m. Let l be g(-4). Suppose 10 + l = b. What is the units digit of b?
9
Let v(s) = 53*s**3 + 2*s**2 + 2*s + 3. Let p be v(3). Suppose 4*r - 2*d - p = -d, r - d = 366. Suppose 0*j = 2*j - r. What is the hundreds digit of j?
1
Let y = -558 + 561. Suppose 0 = -4*u - 5*j + 336, 2*u + u + y*j - 252 = 0. What is the tens digit of u?
8
Let a be (-92)/(-28) + -3 - 234/(-14). Let l be (7 - 6)/(-1 - a/(-16)). Suppose -n = -l - 67. What is the units digit of n?
3
Let i(w) = w**3 + 19*w**2 - 23*w + 149. What is the units digit of i(-16)?
5
Let i = -3057 + 4966. What is the units digit of i?
9
Let o = -43 - -59. Let n = -11 + o. Suppose 5*f - 2*t - 307 = 0, n*f + 7*t - 300 = 2*t. What is the tens digit of f?
6
Let v = 16628 - -4152. What is the units digit of v?
0
Let i(y) = y**3 + 42*y**2 + 74*y - 9. Let m be i(-40). Let k = 128 + m. What is the units digit of k?
9
Suppose 7*n - 17 - 25 = 0. Let t(m) = 74